t w = -4 + h. Suppose -8 = -w*r - 0*r. List the prime factors of r.
2
What are the prime factors of 4/(1 - 2) - -14?
2, 5
Suppose -5*t + 2 = v - 0, -2*v = 3*t + 3. Let l be (12 - -1)*(0 + t). Let z = -2 + l. List the prime factors of z.
11
Suppose -o + 2*h = 6, 2 + 10 = -4*o + 5*h. Let p = 4 - o. What are the prime factors of p?
2
Let t be 2/(-4) - (-25)/10. Suppose t*l - 30 = 3*s, 3*l + 4*s - s - 15 = 0. List the prime factors of l.
3
Suppose -8 = 4*x - 44. Let r be 1 + 1 - (x + -3). Let j(k) = -k**3 - 3*k**2 + k - 1. What are the prime factors of j(r)?
11
Let d(o) = -2*o - 8. Let u be d(-6). Let b be (3 - 87/9)*-6. Suppose -l - u*l = -b. What are the prime factors of l?
2
Suppose 5*l + 5*h = 855, 4*l = 3*l - 2*h + 169. List the prime factors of l.
173
Let u = 38 - -7. Let c = u - 20. List the prime factors of c.
5
Suppose 6*u - 2 = 5*u. Suppose 22 = u*y + 4*p, -5*p + 34 = -2*y + 5*y. What are the prime factors of y?
13
Let b be (-16)/(-20)*5/(-2). Let m be (-16)/(-6) - b/6. Suppose 0*s + 66 = m*s. List the prime factors of s.
2, 11
Let x be 2 + 1 + -1 + -3. Let l be x - (1 - 0)/(-1). Let v = l + 12. List the prime factors of v.
2, 3
Let g(h) be the first derivative of h**3/3 - 4*h**2 - h + 1. Let r be g(7). Let m = -4 - r. What are the prime factors of m?
2
Let w(z) = z**2 + z + 5. Let y be w(-4). Suppose 0 = t + k - y, t + 2*k - 1 = 20. What are the prime factors of t?
13
Let w be (3/(-3))/(2/(-90)). Let k = w + -30. What are the prime factors of k?
3, 5
Let m = -4 - -8. Suppose 5*l + 4*g + g - 20 = 0, 3*l - 19 = m*g. Suppose -2*w + 74 = 5*k, k - l*w + w = 28. What are the prime factors of k?
2
Let n(s) = -25*s - 2. Let v be n(-2). Let k = v - 32. What are the prime factors of k?
2
Let b(y) = y**3 + 7*y**2 - 3*y - 1. Suppose t + 0*x = 2*x - 1, 4*t + 22 = 2*x. List the prime factors of b(t).
2, 5
Let n(j) = 2*j + 5. Let q(l) be the second derivative of -l**3 - 7*l**2 - 2*l. Let r(b) = 14*n(b) + 5*q(b). List the prime factors of r(-1).
2
Let c(k) = -k**3 - 3*k**2 + 2*k + 3. Suppose 0*j + j + 2 = 0. Let w be c(j). List the prime factors of (9 - w) + (-3)/(-1).
17
Let u(r) = 2*r + 4. Suppose h + 4*h - 4*p - 77 = 0, -5*p = 15. List the prime factors of u(h).
2, 3, 5
Let m(d) = -8*d - 8. Let f be m(7). Let i = f + 109. Suppose 5*h + 0*h = i. List the prime factors of h.
3
Suppose p - 41 = -4*n, 5*n + 5*p - 45 = n. What are the prime factors of n?
2, 5
Suppose -8 = 2*r - 6*r. Suppose -r*z - 3*z - 4*n + 238 = 0, -5*z - 2*n = -244. Suppose -2*o - 12 = -z. List the prime factors of o.
19
Suppose o + 0*o = 5. Let t(i) = 2*i - 4. List the prime factors of t(o).
2, 3
Let c = -163 + 434. What are the prime factors of c?
271
What are the prime factors of (2 + (-3)/2)*36?
2, 3
Let k = 6 - 6. Suppose k = -0*i + 5*i - 40. What are the prime factors of i?
2
Let o(n) = -n**2 + 2. Suppose 2*m - 8 = 4*k, -m + 0*m = 2*k - 4. What are the prime factors of o(k)?
2
Let h be 18/3 + -2 + 1. Suppose 2*f - 10 = -0*f, 59 = 2*k + h*f. List the prime factors of k.
17
Let n = 2 + -9. Let z(k) = -2*k + 3. What are the prime factors of z(n)?
17
Let t(b) = 3*b + 3. Let p(a) = -8*a - 8. Let i(m) = -5*p(m) - 12*t(m). What are the prime factors of i(3)?
2
Let c(a) = a - 5. Let r be c(-4). Let f be 3/r - (-74)/6. Let u = f - 2. List the prime factors of u.
2, 5
Let k be ((-3)/6)/((-2)/(-632)). What are the prime factors of k/(-14) - 4/14?
11
Suppose 5*a - 4*f = -1 + 3, -3*a + 5*f = -9. Let h = 2 + a. Let v = h - -7. List the prime factors of v.
7
Let a(w) = -w**3 - w**2 + 6*w + 10. Suppose 4*x = 3*l - 4, 0 = 7*l - 2*l - 2*x + 12. What are the prime factors of a(l)?
2, 17
Let p(i) = i**2 + 2*i + 1. Let m be p(-2). Suppose h = 3 + m. List the prime factors of h.
2
Let n(f) be the first derivative of f**4/4 - 2*f**3 + f**2/2 + 8*f - 1. Suppose 2*r + 2*t = -2*t + 16, r = 4*t + 2. What are the prime factors of n(r)?
2, 7
Suppose -644 = -3*c - 2*n, 3*n + 830 = 4*c - 40. What are the prime factors of c?
2, 3
Let t(l) = -7*l - 73. List the prime factors of t(-23).
2, 11
Suppose -6*m + 25 = -m. Suppose -i + 9 = -m. What are the prime factors of (-4)/i - 325/(-35)?
3
Let p(u) = -3*u**3 - u**2 + 1. Let w be p(-1). List the prime factors of (-1)/3 - (-40)/w.
13
Suppose 0*s - 4 = -s. Suppose -4*g - 36 = -4*q, -q = -0*g + s*g - 19. List the prime factors of q.
11
Let v = 17 - 16. Suppose 39 = x + v. What are the prime factors of x?
2, 19
Let s(q) = -q**2 - 8*q - 7. Let k be s(-7). Let v = 17 - k. What are the prime factors of v?
17
Let j = 3 + 0. Suppose 0*f = -j*f + 45. What are the prime factors of f?
3, 5
Let y(z) be the second derivative of -z**3/6 - 7*z**2/2 - 2*z. Let c be y(-7). Suppose -16 = -4*w + 2*r, 3*w - 5*w + 5*r = c. List the prime factors of w.
5
Suppose 5 - 1 = -2*r. What are the prime factors of (0 + 1)*(-24)/r?
2, 3
Let d(f) = f**3 + 4*f**2 - 1. Let c be d(-3). Suppose 3*a = -5*v - c, 3*a - 5*v - 36 = -a. What are the prime factors of a?
2
Let s = 27 + -13. Let f = s + -10. List the prime factors of f.
2
Suppose 6 = -3*o - 2*r - 0*r, 0 = 4*o + 4*r + 8. List the prime factors of -2 + 24/((-2)/o).
2, 11
Suppose -5*r + 2*r = -9. Suppose 0 = -r*y - 0*y - 2*c + 74, -3*c + 51 = 2*y. List the prime factors of y.
2, 3
Suppose -3*d = 2*d + r - 231, -2*d - 2*r = -94. What are the prime factors of d?
2, 23
Let d(i) = -63*i**3 + 2*i + 1. What are the prime factors of d(-1)?
2, 31
Let d = 1 - -2. Suppose -5*p + 2*v + 35 = -d*v, -5*p = 3*v - 51. Suppose -4*l - 70 = -p*l. What are the prime factors of l?
2, 7
Let g(i) = 20*i**2. Let h = 7 - 8. What are the prime factors of g(h)?
2, 5
Suppose -15 - 20 = -5*k. Suppose -5*v + 60 = -a, -3*v + 21 = a - k. What are the prime factors of v?
11
Let z be (1 + -2)/((-1)/(-2)). List the prime factors of -8*(1 + 4/z).
2
Suppose 8 = -m + 28. What are the prime factors of m?
2, 5
Let r(b) = -b**2 - 9*b + 2. Suppose 3*p + 0*p - 3*q - 3 = 0, -5*p + 4*q = 0. What are the prime factors of r(p)?
2, 11
Let f(t) = -5*t**2 - 3*t - 2. Let s(k) = 4*k**2 + 2*k + 1. Let m(d) = -3*f(d) - 4*s(d). Let j be m(2). Suppose j = w - 6*w + 50. List the prime factors of w.
2, 5
Let m(z) = z**3 + 4*z**2 - 7*z + 2. Let t be m(-5). Let v = 40 + t. What are the prime factors of v?
2, 13
Let j(w) = 2*w - 24. List the prime factors of j(14).
2
Let s(b) = b**2 - 2. Let n be 5/(-2)*(-2 - -4). What are the prime factors of s(n)?
23
Suppose 2*o - 5 = -0*t + t, -t + 7 = o. Suppose o*a = 2*b, b + 3*a - 35 = -2*a. Suppose 5*s + 3 + 2 = 0, -b = -c + 2*s. What are the prime factors of c?
2
Let u be ((-12)/10)/(10/(-25)). Suppose -u*f = f - 44. What are the prime factors of f?
11
Suppose 85 - 25 = 2*l. List the prime factors of l.
2, 3, 5
Let g(h) = -3*h + 4. List the prime factors of g(-5).
19
Suppose -9*x - 144 = -6*x. Let s = x + 93. What are the prime factors of s?
3, 5
Suppose -3*j + 14 = -1. Suppose d - 9 = j*a - 40, 5*d = 3*a - 1. List the prime factors of a.
7
Let n = 21 + -27. Let d(z) = z**2 - 2*z - 6. List the prime factors of d(n).
2, 3, 7
Let b be (-1)/3 + 5/(-3). Let m(o) = -o + 6. Let g be m(-2). What are the prime factors of 5/(-4)*g/b?
5
Suppose 3*a + 4*u + 47 = -31, -26 = a + 3*u. Let q = -15 - a. List the prime factors of q.
11
Let p(z) = -z**2 + 1. Let l = -3 - -4. Let j be p(l). Suppose j*h - 20 = -2*h. What are the prime factors of h?
2, 5
Let w(p) = 2*p**2 - 8*p - 1. Let b be w(6). Suppose -2*g + 11 = -b. List the prime factors of g.
17
Let b = -7 + 10. Let c be (-1 + 2)*(b + -4). What are the prime factors of (28/c)/(7 + -9)?
2, 7
List the prime factors of (-2 - -9)/(1/6).
2, 3, 7
Let n = -38 + 68. Suppose 3*a - 4*a = -n. What are the prime factors of a?
2, 3, 5
Let q = -14 + 14. Suppose r - 38 = -3*c, c - 5*r + 2 - 4 = q. What are the prime factors of c?
2, 3
Let o = 14 - 9. Suppose 4*d = o*r + 20, 0 = -2*r - d + 2 + 3. Let p(c) = -c**2 + 5. List the prime factors of p(r).
5
Suppose h = -h - 8, j - 3*h = 26. Suppose -5*a + 31 + j = 0. Suppose 0 = 5*n + 5*g - 45, 4*g - a = n + 7. List the prime factors of n.
2
Let q = 8 - 2. Let c = 0 + 5. Suppose -c*r - q = -3*j, 4*j - 6*r - 13 = -r. What are the prime factors of j?
7
Suppose 3*a + 4*p - 47 = 0, -a = 4*p + 12 - 33. Suppose -r - a = -5*r + d, 5*r + 4*d = -10. List the prime factors of r.
2
Let c = 90 - 64. What ar